23*c. Let a = 6 - c. Let w(n) = -n**2 - 9*n - 8. What is w(a)?
6
Let d(b) = -b + 8. Let y be d(11). Let u(s) be the first derivative of -2*s**3/3 - 5*s**2/2 - 2*s + 1. Determine u(y).
-5
Let v(c) = c**2 - 7 + 9 + 6*c - 3. Give v(-7).
6
Suppose -5*c + 12 = -c. Suppose -c*q - 8 = -3*k - 2*q, q = 2*k - 7. Let i(p) = p**3 - p**2 + p. Determine i(k).
1
Let g = 4 - 2. Let m(i) be the first derivative of -i**g - i + 3*i - 4*i - 2 + 3*i. What is m(5)?
-9
Let n(v) = 3*v**3 + 5*v - 5. Let a(o) = 4*o**3 + 6*o - 5. Let r(q) = 4*a(q) - 5*n(q). Let s be r(0). Let j(t) = t - 9. What is j(s)?
-4
Let i(x) be the first derivative of x**4/4 - 7*x**3/3 - 2*x**2 - 8*x - 2. Let t(g) = -2*g**3 + 13*g**2 + 7*g + 15. Let u(r) = -5*i(r) - 3*t(r). Determine u(4).
-9
Suppose 3 = -3*k - 0*k. Let l(p) = p**3 - 7*p**2 + p - 5. Let w be l(7). Let d = k - w. Let c(a) = a**2 + 5*a + 3. What is c(d)?
-3
Let w(g) = -5*g**2 - 14*g + 25. Let m(k) = 2*k**2 + 7*k - 12. Let c(l) = -7*m(l) - 3*w(l). What is c(6)?
3
Let v(r) be the second derivative of 0 - 1/2*r**2 + 5/6*r**3 + r. Determine v(2).
9
Let n(u) = -5 + 10 - 5 - 6*u. Let s(b) = -b**2 - 3*b + 4. Let v be s(-4). Suppose -p + v - 1 = 0. What is n(p)?
6
Let o = 2 + 2. Let p(f) be the first derivative of f**3/3 - 2*f**2 - 11. Determine p(o).
0
Let k(c) = -c**3 + c. Let r(q) = -3*q**2 - q. Let l be r(-1). Let i be l/(-9) - (-4)/(-18). What is k(i)?
0
Let v(d) = d. Suppose -2*u - u = 12. Let y = u - -7. Let r = y - -1. Give v(r).
4
Suppose 0 = -4*p - 8, b - 20 = -3*b - 4*p. Let h(c) = -b - c + 3*c - 4 - c. Calculate h(6).
-5
Suppose 9 = -2*v - 7. Let x = v - -12. Let w(p) = -2*p - 2 + 5*p - 2 - 1. What is w(x)?
7
Let u(v) = v**3 + 6*v**2 + 5*v - 1. Let f = 0 + 4. Let n(k) = k. Let q be n(5). Suppose 0 = -2*y + y + q*t - 25, -f*y - 5*t = 0. Calculate u(y).
-1
Let g(y) be the second derivative of y**3/6 + 4*y**2 + 3*y. Let z be g(-13). Let d(m) = m**2 + 7*m + 6. Give d(z).
-4
Let n(z) be the third derivative of -z**4/24 + z**3/6 - 24*z**2 + 1. Calculate n(-6).
7
Let o(n) = -n**3 + 3*n**2 + 2*n + 5. Suppose 2*v = k + 5*v - 13, -15 = -3*k - v. Give o(k).
-3
Let c(z) = 2*z**2 + 2*z - 2. Let r be 6 - (-3)/(-1 - -2). Let k = r + -7. What is c(k)?
10
Let y(p) be the third derivative of -p**5/60 - p**3/2 + 22*p**2. Give y(0).
-3
Suppose 0*o = 5*c + o + 13, 4*c - 5*o - 7 = 0. Let l(w) be the third derivative of -w**4/24 - w**3/3 + 2*w**2. Calculate l(c).
0
Let d = 8 - 7. Let s(o) = -o - d + 3*o - 2 - 2. Give s(5).
5
Suppose -5*b - 17 + 62 = 0. Suppose -3 = -3*m - b, 2*l = -4*m - 4. Let p(w) = -2*w + 1. Give p(l).
-3
Let b(n) = -5*n**2. Let y be 3 + 2/(-1 - 1). Suppose -5*j - 17 = -y. Let g = j + 4. Give b(g).
-5
Suppose q + 0 = 2. Let f(d) = d**2 + 1. Let r be f(0). Let x(u) = 5 - u - q - 3 - r. Determine x(-1).
0
Let f(g) = 13*g - 5. Let s(m) = -7*m + 3. Let d(t) = 4*f(t) + 7*s(t). What is d(-1)?
-2
Let t(i) be the second derivative of i**3/3 - 2*i**2 - i. Let m be t(3). Let p(o) = -3 - 2 + 3 + m*o. Give p(5).
8
Let o(g) = -g - 20. Let m be o(-17). Let f(a) = 2*a + 1. Calculate f(m).
-5
Let s(q) = -q**3 + 9*q**2 + q - 4. Let i(r) = r**2 - 13*r - 39. Let b be i(16). Calculate s(b).
5
Let s(n) be the first derivative of n**3 - 3*n**2/2 + 3. Suppose -t + 5 = 3. Determine s(t).
6
Let o(j) be the third derivative of -j**5/30 - j**4/6 + j**3/6 - 92*j**2 + 3. Let r = -5 - -2. Calculate o(r).
-5
Suppose 0*q - 19 = f + 4*q, 0 = 3*f + q + 13. Let p(o) = o**3 + 4*o**2 + 2*o - 3. Calculate p(f).
0
Let h(j) = 6*j**3 + 14*j**2 + 6. Let u(k) = 2*k**3 + 5*k**2 + 2. Let s(r) = 3*h(r) - 8*u(r). Determine s(-2).
-6
Let d be (-4)/(-6) + 91/21. Let h(n) be the second derivative of -2/3*n**3 - 1/2*n**2 + 0 - 2*n + 5/12*n**4 - 1/20*n**d. What is h(3)?
5
Let q(i) be the first derivative of i**3/3 + 9*i**2/2 + 4*i + 11. Calculate q(-8).
-4
Let i(b) be the third derivative of b**4/24 + 3*b**2. Let k = -4 + 4. Let v = 2 + k. Give i(v).
2
Let w(q) = -19*q - 5. Let t(x) = 16*x + 4. Let d(g) = -5*t(g) - 4*w(g). Let h be 2/9 - 7/(-9). What is d(h)?
-4
Let l(v) = -v**3 - 2*v**2 + 3*v. Let p = 19 + -22. Give l(p).
0
Suppose -k - 2*k - i = 9, 2*k - 2*i + 6 = 0. Let p(a) = a**2 + 2*a - 2. Determine p(k).
1
Let b(d) be the second derivative of -d**5/20 + d**3/6 - 2*d**2 - d. Let p be 1 + 17 - 6/2. Let f = -15 + p. Determine b(f).
-4
Let k(o) = -o + 2. Let b(f) = f - 3. Let c(m) = -7*b(m) - 6*k(m). Calculate c(8).
1
Let t(c) = -3*c**2 + 0*c - c**3 + 0 - 3 + c + 0*c. Determine t(-3).
-6
Let a(v) = -2*v + 4. Let x(h) = -6*h + 13. Let f(r) = -7*a(r) + 2*x(r). Give f(4).
6
Let f(h) = -h + 1. Let v = -37 + 36. Calculate f(v).
2
Let c(n) = 3*n**3 - n**2. Let i be c(1). Let q(x) = -2 - 19*x**i - x**3 + 23*x**2 + 3 + 0*x**3. Give q(4).
1
Let u(g) be the third derivative of g**4/24 + g**3/3 + 2*g**2 + 12*g. Give u(-2).
0
Let v(q) = -q. Let x be v(-3). Let b = x + -2. Let j(r) = -r**3 + r - 1. Determine j(b).
-1
Let z(b) be the first derivative of 1/60*b**5 + 0*b + 1/12*b**4 - b**3 + 0*b**2 - 3. Let j(i) be the third derivative of z(i). Calculate j(2).
6
Let z = 77 + -76. Let i(g) be the third derivative of -g**5/12 - g**4/12 + g**3/6 + g**2. Determine i(z).
-6
Let t = 1 + -1. Suppose 4*o = 16, -3*o = 3*a - t*o - 21. Let b(z) = 2*z**3 - 3*z**2 - a + 4 - 3*z**3 - 2*z. Give b(-2).
1
Let t(z) be the third derivative of z**4/6 + 13*z**2. Calculate t(-5).
-20
Let j be (3*1)/(2/(-4)). Let y(m) = -4 + 0 - 1 - 2*m - 3. Give y(j).
4
Let r(l) = -6*l**3 - 1. Suppose 0 = -2*h + 21 - 1. Suppose -3*y + 1 = -8. Let j be (2/y)/(h/15). Calculate r(j).
-7
Let u = 5 - 11. Let m(w) = -2*w - 8. What is m(u)?
4
Suppose 10*w = -2*w + 48. Let f(t) = -t**2 + 5*t + 0*t**2 + 0*t**2 - 2. Determine f(w).
2
Let c be (4/3)/((-4)/(-6)). Suppose -4 = -c*m + 6. Let b(w) = -8*w**2 + 2*w**3 - w**3 - 2*w + 2 + m*w**2. Calculate b(4).
10
Let w(a) = -a**2 + 2*a - 2. Let z be w(3). Let r = z + 12. Let x = 8 - r. Let p(h) = -8*h + 1. Determine p(x).
-7
Let m(p) be the second derivative of -p**5/60 - p**4/4 - p**3/2 - p**2/2 - p. Let y(v) be the first derivative of m(v). Suppose 4 = 3*a + 19. What is y(a)?
2
Let d(s) be the second derivative of s**5/20 - 5*s**4/12 - 7*s**3/6 + 7*s**2/2 - 2*s. Calculate d(6).
1
Let j(u) = -u - 1. Let h(l) = -6*l + 4. Let f(r) = h(r) - 5*j(r). Let n be f(5). Let w(x) = -x - 1. Calculate w(n).
-5
Let r(k) = -k**3 + 7*k**2 + 9*k - 5. Let m(y) = y**3 + 14*y**2 - 16*y - 7. Let n be m(-15). Calculate r(n).
3
Let p be ((-9)/(-6))/(2/4). Let f(l) = -l**3 + 3*l**2 + 4. Let g(b) = -2*b**3 + 6*b**2 + 8. Let n(m) = 9*f(m) - 4*g(m). Determine n(p).
4
Let o(f) = -f + 2. Let w = -189 + 193. What is o(w)?
-2
Let h(i) = -i**2 + i. Let m(s) = -5*s - 4. Let k(y) = y**2 + 26*y + 20. Let x(g) = -2*k(g) - 11*m(g). Let d(u) = -3*h(u) + x(u). Determine d(0).
4
Let i(d) = -11*d - 8. Let g(q) = -4*q - 3. Let l(u) = -8*g(u) + 3*i(u). Let t(k) = -2*k + 3*k - 4*k + k. Let j(w) = 5*l(w) - 2*t(w). Determine j(3).
-3
Let v(y) = -4*y**3 + 8*y - 6 + 3*y + 5*y**2 - 6*y. Let j(i) = 5*i**3 - 5*i**2 - 4*i + 5. Let b(k) = -3*j(k) - 4*v(k). Calculate b(6).
-3
Let h(i) = i**2 + i - 7. Suppose -3 - 3 = -3*r - 3*x, 5*r - 2*x = -4. Calculate h(r).
-7
Let a(x) be the first derivative of -2*x**4 - x**3/3 - x**2/2 - x + 4. Let f(o) = 2*o + 9. Let b be f(-5). Give a(b).
7
Suppose -5*f = 2*d - f + 8, -3*f - 6 = 0. Let h(x) = 2 + d + x - 2*x. What is h(0)?
2
Let a(o) be the third derivative of -o**5/60 + o**4/24 - o**3/2 - 8*o**2. What is a(0)?
-3
Let u(v) = v**2 + 4*v - 4. Let z(h) = -2*h - 6*h**2 - 2*h - 1 + 6*h. Let g be z(1). Give u(g).
1
Let m(x) = -11*x**3 - 13*x**2 - 21*x - 7. Let y(f) = -4*f**3 - 4*f**2 - 7*f - 2. Let g(k) = 3*m(k) - 8*y(k). Calculate g(-4).
-25
Let k(u) = 3*u - 8. Let s(j) = j - 8. Let a be s(14). Determine k(a).
10
Suppose -2*z - 5*d = 14, -z - 2*d = 3*d + 12. Let r be -10*(-2)/8*2. Let t(c) = c - 1 + r - 2. Give t(z).
0
Let g = 95 - 98. Let a(y) = -y**3 - 2*y**2 + 2*y + 2. What is a(g)?
5
Let k(j) = -j**2 - 9*j - 7. Let d = -44 + 37. What is k(d)?
7
Suppose -5*d = -1 - 9. Let w be (-9)/(63/(-28))*2/1. Let y(z) = -d*z - w - z + z + z. Give y(0).
-8
Let g(t) = -2*t**3 + 4*t**2 + 5*t - 1. Let v(f) = f**3 - 2*f**2 - 2*f. Let u = -10 + 15. Let l(i) = u*v(i) + 2*g(i). Calculate l(3).
7
Let h(i) be the first derivative